 355 divide 2360750?
True
Is 270264 a multiple of 24?
True
Does 559 divide 1743832?
False
Is 24662080 a multiple of 25?
False
Does 47 divide 547080?
True
Is 27 a factor of 1453624?
False
Is 379134 a multiple of 357?
True
Is 6749040 a multiple of 10?
True
Is 226525 a multiple of 25?
True
Is 56 a factor of 114835?
False
Does 194 divide 259199?
False
Is 2272618 a multiple of 1375?
False
Does 44 divide 14300?
True
Is 57 a factor of 275208?
False
Does 596 divide 479780?
True
Does 22 divide 8308?
False
Does 12 divide 891552?
True
Is 8 a factor of 313936?
True
Is 10562187 a multiple of 25?
False
Is 166309 a multiple of 143?
True
Is 559 a factor of 637260?
True
Is 837348 a multiple of 363?
False
Does 12 divide 41934?
False
Is 246 a factor of 16241904?
True
Does 4 divide 237396?
True
Is 57447 a multiple of 3?
True
Is 357 a factor of 761728?
False
Is 720 a factor of 6704052?
False
Is 35 a factor of 14957814?
False
Is 287 a factor of 177959?
False
Does 33 divide 219214?
False
Is 23 a factor of 2570664?
True
Does 48 divide 11317064?
False
Is 704517 a multiple of 44?
False
Is 10 a factor of 147097?
False
Is 53797 a multiple of 23?
True
Is 2542860 a multiple of 12?
True
Does 148 divide 134532?
True
Does 35 divide 22866515?
True
Is 668 a factor of 3645728?
False
Does 2 divide 73836?
True
Does 51 divide 4435220?
False
Is 89 a factor of 1834940?
False
Is 1613560 a multiple of 145?
True
Is 49002 a multiple of 140?
False
Is 206916 a multiple of 4?
True
Is 1980 a multiple of 110?
True
Is 88 a factor of 4257968?
True
Does 661 divide 6400463?
True
Is 4402844 a multiple of 92?
True
Is 437 a factor of 70357?
True
Is 680 a factor of 1388096?
False
Does 456 divide 281352?
True
Is 9113714 a multiple of 6?
False
Is 187 a factor of 416823?
True
Is 1633770 a multiple of 10?
True
Does 83 divide 1077191?
False
Is 538130 a multiple of 265?
False
Is 425180 a multiple of 28?
True
Is 262936 a multiple of 46?
True
Is 553792 a multiple of 3?
False
Is 79 a factor of 3204161?
True
Is 108 a factor of 551619?
False
Is 6841744 a multiple of 296?
True
Is 45 a factor of 3110220?
True
Is 207 a factor of 72805?
False
Is 120476 a multiple of 458?
False
Is 483868 a multiple of 4?
True
Is 31 a factor of 225964?
False
Does 178 divide 1085453?
False
Does 712 divide 380920?
True
Is 172232 a multiple of 19?
False
Does 12 divide 68580?
True
Is 93161 even?
False
Is 1022398 a multiple of 13?
True
Is 9 a factor of 70670?
False
Is 3 a factor of 277911?
True
Is 65 a factor of 20429874?
False
Is 328 a factor of 46079?
False
Is 91020 a multiple of 41?
True
Does 64 divide 3211968?
True
Is 125681 a multiple of 12?
False
Is 403445 a multiple of 141?
False
Is 14 a factor of 4678142?
True
Is 44 a factor of 3223836?
True
Does 5 divide 56001?
False
Does 17 divide 916096?
True
Is 247 a factor of 1395089?
False
Is 463381 a multiple of 23?
True
Is 579975 a multiple of 209?
True
Does 6 divide 21346?
False
Is 6 a factor of 71479?
False
Does 125 divide 132750?
True
Is 12 a factor of 178608?
True
Is 28 a factor of 2073540?
True
Is 997425 a multiple of 325?
True
Is 819 a factor of 534807?
True
Is 30 a factor of 327900?
True
Is 30712 a multiple of 47?
False
Does 42 divide 404116?
False
Does 4 divide 1055376?
True
Is 57100 a multiple of 290?
False
Is 51 a factor of 10260?
False
Is 7 a factor of 447356?
True
Is 185073 a multiple of 129?
False
Is 439 a factor of 749217?
False
Is 10 a factor of 14830?
True
Is 970392 a multiple of 24?
True
Is 41925 a multiple of 129?
True
Is 4264 a multiple of 445?
False
Does 35 divide 1054865?
True
Is 173462 even?
True
Does 429 divide 6148136?
False
Does 499 divide 13201876?
False
Is 203 a factor of 64873?
False
Does 10 divide 63774?
False
Is 42880 a multiple of 8?
True
Is 393809 a multiple of 27?
False
Is 45 a factor of 5232757?
False
Is 42 a factor of 921960?
False
Is 124936 a multiple of 183?
False
Does 3 divide 52339?
False
Is 41 a factor of 18182?
False
Does 5 divide 1588658?
False
Is 230 a factor of 1892736?
False
Does 22 divide 7443992?
False
Does 432 divide 350352?
True
Is 138 a factor of 445145?
False
Is 6445882 a multiple of 1213?
True
Is 13 a factor of 186455?
False
Is 204 a factor of 26507148?
True
Is 687039 a multiple of 77?
False
Is 885249 a multiple of 243?
True
Is 762290 a multiple of 5?
True
Is 44 a factor of 466884?
True
Is 91 a factor of 64566?
False
Does 221 divide 16118647?
False
Is 1060 a factor of 3077361?
False
Is 192480 a multiple of 16?
True
Is 44 a factor of 3005932?
False
Is 5 a factor of 52776?
False
Is 81466 a multiple of 161?
True
Is 298233 a multiple of 33?
False
Is 9320258 a multiple of 334?
False
Is 576 a factor of 34152768?
True
Is 127 a factor of 1206881?
True
Does 4 divide 1444718?
False
Is 266 a factor of 988419?
False
Is 71911 a multiple of 2018?
False
Is 94 a factor of 148350?
False
Is 2234883 a multiple of 651?
True
Does 1079 divide 7306974?
False
Is 735 a factor of 21542419?
False
Is 354614 a multiple of 379?
False
Does 109 divide 772156?
True
Is 228717 a multiple of 68?
False
Does 117 divide 1030302?
True
Is 4 a factor of 1238?
False
Is 6043852 a multiple of 4?
True
Is 205751 a multiple of 119?
True
Does 8 divide 15040?
True
Does 71 divide 396180?
True
Is 32240 a multiple of 10?
True
Is 1989403 a multiple of 16?
False
Is 110 a factor of 117220?
False
Is 830696 a multiple of 24?
False
Is 103362 a multiple of 161?
True
Is 2902894 a multiple of 53?
False
Does 241 divide 2573808?
False
Does 19 divide 1262372?
False
Does 24 divide 148400?
False
Does 66 divide 2819861?
False
Is 31 a factor of 708567?
True
Does 4 divide 831017?
False
Is 67392 a multiple of 39?
True
Is 325230 a multiple of 191?
False
Does 29 divide 1953411?
True
Is 223696 a multiple of 31?
True
Is 2816166 a multiple of 295?
False
Is 219310 a multiple of 91?
True
Is 90 a factor of 85320?
True
Does 31 divide 55645?
True
Is 538335 a multiple of 315?
True
Is 26 a factor of 1123640?
False
Does 756 divide 643771?
False
Does 268 divide 11192752?
True
Is 46 a factor of 1165723?
False
Is 5456901 a multiple of 23?
False
Does 31 divide 98611?
True
Is 61 a factor of 34938?
False
Does 54 divide 8694?
True
Does 173 divide 128940?
False
Is 709191 a multiple of 21?
True
Is 625317 a multiple of 11?
True
Is 336 a factor of 324109?
False
Is 334 a factor of 991756?
False
Is 324330 a multiple of 114?
True
Does 70 divide 245950?
False
Is 120 a factor of 13377360?
True
Is 703680 a multiple of 120?
True
Is 91 a factor of 9191?
True
Is 11 a factor of 543005?
False
Is 341991 a multiple of 111?
True
Is 44 a factor of 1440250?
False
Is 8 a factor of 98345?
False
Does 22 divide 4649018?
True
Is 90895 a multiple of 343?
True
Is 51595 a multiple of 14?
False
Is 21 a factor of 10078880?
False
Is 4348280 a multiple of 20?
True
Is 83501 a multiple of 7?
False
Is 5 a factor of 27533?
False
Does 85 divide 610285?
False
Is 61 a factor of 768844?
True
Does 128 divide 4297344?
True
Is 51 a factor of 1609999?
False
Is 283 a factor of 303892?
False
Is 25 a factor of 2012100?
True
Is 300250 a multiple of 5?
True
Is 287 a factor of 591044?
False
Is 26974 a multiple of 242?
False
Is 460415 a multiple of 5?
True
Does 24 divide 121536?
True
Is 10 a factor of 46682?
False
Is 660946 a multiple of 22?
True
Is 8 a factor of 571995?
False
Is 44 a factor of 10144537?
False
Is 322549 a multiple of 15?
False
Does 489 divide 757671?
False
Is 28 a factor of 285342?
False
Is 340778 a multiple of 102?
False
Is 3501389 a multiple of 428?
False
Is 11 a factor of 85670?
False
Does 39 divide 365430?
True
Does 13 divide 458276?
True
Is 233415 a multiple of 35?
True
Does 131 divide 971465?
False
Is 11 a factor of 11341?
True
Does 37 divide 4515283?
False
Does 11 divide 364782?
True
Is 406 a factor of 1246979?
False
Is 6529 a multiple of 16?
False
Is 98 a factor of 183937?
False
Does 45 divide 4455?
True
Is 131923 a multiple of 288?
False
Does 17 divide 1936827?
True
Does 142 divide 188457?
False
Does 27 divide 2700?
True
Is 296 a factor of 419136?
True
Is 9709 a multiple of 7?
True
Is 152985 a multiple of 31?
True
Is 5854120 a multiple of 170?
True
Is 2162966 a multiple of 46?
True
Does 37 divide 90075?
False
Is 108525 a multiple of 75?
True
Is 384552 a multiple of 21?
True
Is 946238 a multiple of 19?
True
Is 2496 a multiple of 16?
True
Is 127 a f